 the highest common factor of h and 11.
1
Let x be 5/10*-4 + -14 + 19. Let v = 64 + -61. What is the greatest common divisor of v and x?
3
Suppose -w = -4*w + 459. Suppose -118*k + 113*k = 5. Let h be -2*((-34)/(-4))/k. What is the highest common factor of h and w?
17
Suppose -z + 1157 = 3*q, -31*z = -34*z - 5*q + 3499. What is the highest common factor of 496 and z?
62
Let x be 0 + 9/7 + (-8)/28. Let v be (5/(-10))/(x/(-266)). What is the highest common factor of v and 19?
19
Let l = -1266 + 344. Let v = l - -1422. What is the highest common factor of v and 20?
20
Suppose -7*z = -174 - 162. Suppose 0 = 3*k - 5*r - 7, 2*k + z*r - 52*r = 4. Calculate the greatest common factor of 1 and k.
1
Let l(o) = -3*o + 29. Let z be l(0). Let d(v) = 14*v**3 - 7*v**2 + 2*v - 2. Let a be d(3). Calculate the highest common divisor of a and z.
29
Suppose -35*m - 36 = -53*m. Suppose -m*u - 81 = -353. Calculate the greatest common divisor of u and 170.
34
Let i = 3098 + -2917. Calculate the highest common factor of i and 1.
1
Let b(g) = -298*g**3 + 2*g**2 + 2*g + 1. Let k be (-4)/(-12)*-3 - 0. Let t be b(k). Suppose 10*l = 49 + 81. Calculate the highest common factor of l and t.
13
Suppose -311 = -12*s + 13. Let j = s + 67. Suppose 0*c - 3*c + 3*z = -141, 0 = 4*c + 3*z - 188. What is the highest common divisor of c and j?
47
Suppose 122 - 223 = -53*j + 217. Let p(x) = x - 2. Suppose 0 = q + q - 16. Let n be p(q). What is the highest common divisor of n and j?
6
Let t be (-4 - 169048/(-506)) + ((-6)/69 - 0). Calculate the greatest common divisor of t and 120.
30
Let g(n) = -8*n**2 - 56*n - 23. Let j be g(-5). What is the highest common factor of j and 25593?
57
Suppose 0 = -4*m - m + p - 130, 0 = 3*m - 2*p + 78. Let a = m - -42. Let r(l) = 3*l - 34. Let i be r(14). Calculate the greatest common factor of a and i.
8
Let j(t) = -2*t**3 - 46*t**2 - 19*t - 42. Let v be j(-23). Calculate the greatest common divisor of 175 and v.
5
Suppose 14870 = 175*o - 15055. Calculate the highest common divisor of o and 225.
9
Let o(k) = -4 - 1 - 7*k**2 + 2*k + k**3 + 4. Let g be o(7). Suppose u - g = -7. What is the highest common divisor of u and 48?
6
Suppose 25*x = 29*x - 13*x + 171. What is the highest common divisor of 13813 and x?
19
Let a be -1 + 2 + 3/1. Suppose -10*x = -46*x - 36. Let w be (2 + x)/((-5)/(-110)). Calculate the highest common factor of a and w.
2
Let r(s) = -s**3 + 39*s**2 - 7*s + 22. Let i be r(39). Let j = i + 254. Calculate the highest common factor of j and 66.
3
Suppose -4*m + 3 = -3*m. Suppose -j - 4*n - 15 = 0, 0 = 6*j - m*j - 3*n. Let c be (32/j)/((-4)/66). Calculate the highest common divisor of 22 and c.
22
Suppose -121*r + 110*r + 396 = 0. What is the greatest common factor of 333 and r?
9
Let l(m) = -m**2 + 5*m + 5. Let u be l(5). Let z be (264/(-10))/1*-5. Let t = z + -92. Calculate the greatest common divisor of t and u.
5
Let t = -109 - -157. Suppose 6*i + t - 270 = 0. Calculate the highest common factor of 333 and i.
37
Suppose 0 = 5*v + 5, -4*h + 99 + 48 = -3*v. Calculate the highest common factor of h and 2040.
12
Let n be (-1)/((-12)/3204) - 11. Calculate the greatest common factor of 3136 and n.
64
Let u be (-1 - 1) + 675/25. Let x be ((-5)/(u/(-24)))/(141/470). Calculate the greatest common divisor of 2 and x.
2
Suppose -3*f = -11*f + 216. Let o(x) = -31*x - 19. Let g be o(-13). Suppose 0 = -l - z + 298, -l + g = 4*z + 83. What is the highest common divisor of l and f?
27
Let b be ((-400)/120)/(5 + (-61)/12). What is the greatest common divisor of b and 21180?
20
Suppose 0 = -3*j + 2*a + 60, 90 = 3*j + 666*a - 663*a. Calculate the greatest common divisor of 1664 and j.
8
Suppose -7*z = -11*z + 32. Suppose -13*o + z*o + 120 = 0. Let n be (-4)/6 - (-304)/o. Calculate the greatest common factor of n and 4.
4
Let j = 8056 - 8006. Calculate the greatest common factor of 6090 and j.
10
Let i(o) = o**3 - 11*o**2 - 72*o - 9. Let g be i(16). Suppose 12*l + 5*f = 7*l + 145, -5*f - g = -3*l. What is the greatest common divisor of l and 297?
33
Suppose -4*h + 60 = 2*g, h + 18 = 5*g - 121. Let p = 798 + -532. Calculate the greatest common factor of p and g.
14
Suppose -4*w + p + 219 = -0*w, 2*w = 3*p + 97. Suppose 5*c = -2058 + 733. Let y = c + 279. What is the greatest common divisor of w and y?
14
Let t be (1 - (-1 - -4)) + 1102. Suppose 7*d + 3*d - t = 0. Let o = 27 - 5. What is the highest common factor of o and d?
22
Let n be (-1 + 61/1)/(72/108). Calculate the greatest common divisor of n and 490.
10
Let j(z) = 34*z - 665. Let r be j(20). Suppose k - 2*k = 2. Let n be k/(-4) + 143/26. What is the greatest common divisor of r and n?
3
Let r(g) = g**2 - 6*g + 4. Let s be r(6). Suppose -x + 8 = -s. Suppose -14*b = 10*b - 864. Calculate the greatest common factor of x and b.
12
Let q be 1/4 + 477/12. Let d(t) = -17*t + 2. Let n be d(2). Let j = n + 48. Calculate the highest common divisor of q and j.
8
Suppose 175*c = -198*c + 5222. What is the highest common divisor of 32984 and c?
14
Suppose 8*d - 8113 = d. Calculate the greatest common factor of 38 and d.
19
Suppose 80 = 5*h + 5*v, 4*h + 5*v = 26 + 33. What is the greatest common factor of h and 399?
21
Let b(u) = -u**2 + 7*u + 11. Suppose 4*y - 22 - 10 = 0. Let q be b(y). Let k be 58/10 + q/15. What is the highest common factor of 3 and k?
3
Let n(k) = 5*k + 51. Let w be n(6). Calculate the greatest common divisor of 1 and w.
1
Let j(o) = -3*o**3 + 4*o**2 + 36*o + 94. Let a be j(-3). What is the greatest common factor of 14111 and a?
103
Let t(s) = -4*s**2 - 127*s - 383. Let l be t(-16). What is the highest common divisor of l and 50?
25
Suppose -4*m - 5 = -509. Suppose 25*t - 28 = -f, 14*f - 4*t = 9*f + 140. What is the highest common factor of m and f?
14
Let d = 134 + -54. Let x(o) = 101*o + 13. Let a be x(7). Suppose 5*t = a + 280. Calculate the greatest common factor of t and d.
40
Let g = -3078 + 3098. Let w(a) = a - 3. Let p be w(5). What is the greatest common factor of g and p?
2
Suppose k - 5*k = -300. Let w(i) = 3*i**2 - 276*i + 276. Let t be w(91). Calculate the greatest common factor of k and t.
3
Suppose 2*h + f - 290 = -4*f, 5*h + 5*f = 755. Let o = 50597 - 50587. Calculate the greatest common factor of h and o.
5
Let f(u) = 2*u**2 - 15*u + 40. Let z be f(5). Let l be z + (-10)/(-35) + (-32)/14. What is the greatest common factor of l and 143?
13
Suppose 15*h - 10*h - 510 = 0. Suppose 5*v - 277 + h = 0. Let q = 19 - 14. Calculate the highest common divisor of q and v.
5
Let q = -116 - -130. Suppose y - 49 - 704 = -m, 0 = -4*y + 2*m + 3030. Suppose 2296 = 10*s + y. What is the highest common divisor of q and s?
14
Let m = 52 - 36. Suppose l = 4 - m. Let w be 2 - 4 - 12*l/9. Calculate the highest common factor of w and 56.
14
Let k be 12/(-8)*988/(-57). Suppose 428 = 12*v - 352. What is the greatest common divisor of v and k?
13
Let p be 30/(-165) + 1029/33. Suppose p*t = 27*t + 96. What is the highest common factor of t and 648?
24
Let i = 11227 + -11022. Calculate the greatest common factor of i and 410.
205
Let y(a) = -2*a**3 - 4*a**2 + a + 1. Let u be y(-3). Let j(o) = 11*o**2 - 50*o - 296. Let l be j(-6). What is the highest common divisor of u and l?
16
Let u(k) be the third derivative of 0 - 21*k**2 + 5*k**3 + 1/12*k**4 + 0*k. Let w be u(-10). What is the greatest common factor of 50 and w?
10
Suppose 30*i + 300 = 29*i. Let q be ((i/(-3))/2)/(54/189). What is the greatest common divisor of q and 75?
25
Let a be -2*(-8 - -6)*2. Let g be ((-24)/(-14))/((112/147)/a). What is the greatest common divisor of g and 207?
9
Let f = -58 - -88. Suppose -4*d - 3*a + 7*a = -156, d + 2*a = f. What is the highest common factor of d and 36?
36
Let a = -20014 - -20017. What is the highest common factor of 1041 and a?
3
Let k(m) be the first derivative of 7*m**4/4 - m**3 + m**2 - 3*m - 45. Let q be k(2). Calculate the highest common divisor of 45 and q.
45
Suppose 15*n = 12*n + 99. Let j be (-159*3/12)/((-17)/748). Calculate the greatest common divisor of n and j.
33
Suppose 94 = m - 5*y + 11, -4*y = -5*m + 226. Calculate the greatest common divisor of m and 19494.
38
Let n(w) = 44 + 7*w + 5*w + w + w + w**2 + 0*w. Let u be n(-10). What is the greatest common divisor of 5 and u?
1
Suppo